{"id":1821,"date":"2023-08-30T13:53:51","date_gmt":"2023-08-30T10:53:51","guid":{"rendered":"https:\/\/paripesa.partners\/app\/"},"modified":"2024-05-02T18:34:59","modified_gmt":"2024-05-02T15:34:59","slug":"app","status":"publish","type":"page","link":"https:\/\/paripesa.partners\/aus\/app\/","title":{"rendered":"PariPesa APP: DOWNLOAD DER APP IN \u00d6STERREICH"},"content":{"rendered":"<section class=\"l-section wpb_row us_custom_ed6495de height_auto width_custom\" style=\"--site-content-width:1100px;\"><div class=\"l-section-h i-cf\"><div class=\"g-cols vc_row via_grid cols_1 laptops-cols_inherit tablets-cols_inherit mobiles-cols_1 valign_top type_default stacking_default\"><div class=\"wpb_column vc_column_container\"><div class=\"vc_column-inner\"><div class=\"w-separator size_custom\" style=\"height:30px\"><\/div><ol class=\"g-breadcrumbs separator_icon align_none\" role=\"navigation\" itemscope itemtype=\"http:\/\/schema.org\/BreadcrumbList\"><li class=\"g-breadcrumbs-item\" itemscope itemprop=\"itemListElement\" itemtype=\"http:\/\/schema.org\/ListItem\"><a itemprop=\"item\" href=\"https:\/\/paripesa.partners\/aus\/\"><span itemprop=\"name\">Home<\/span><\/a><meta itemprop=\"position\" content=\"1\"\/><\/li><li class=\"g-breadcrumbs-separator\"><i class=\"far fa-angle-right\"><\/i><\/li><li class=\"g-breadcrumbs-item\">Pages<\/li><\/ol><div class=\"w-separator size_custom\" style=\"height:30px\"><\/div><div class=\"wpb_text_column\"><div class=\"wpb_wrapper\"><h1><span style=\"font-weight: 400;\">\ud83d\udcf1 Betreten Sie das Reich der neuen mobilen Sportwetten-App PariPesa! \ud83c\udf89<\/span><\/h1>\n<p><span style=\"font-weight: 400;\">Dank unserer intuitiven und hochmodernen Anwendung k\u00f6nnen Sie jetzt Ihre Lieblings-Casinospiele von Paripesa direkt auf Ihrem Smartphone oder Tablet genie\u00dfen, egal wo Sie sich befinden!<\/span><\/p>\n<h2><span style=\"font-weight: 400;\">Entdecken Sie die Vorteile der PariPesa-App f\u00fcr \u00d6sterreich:<\/span><\/h2>\n<ul>\n<li style=\"font-weight: 400;\" aria-level=\"1\"><span style=\"font-weight: 400;\">\ud83c\udfb0 Vielf\u00e4ltige Auswahl an Spielen: Treffen Sie Ihre Wahl <\/span><b>Gl\u00fccksspiel-Wett-App<\/b><span style=\"font-weight: 400;\"> eine F\u00fclle aufregender Spiele, darunter Spielautomaten, Roulette, Blackjack, Poker und mehr.<\/span><\/li>\n<li style=\"font-weight: 400;\" aria-level=\"1\"><span style=\"font-weight: 400;\">\ud83d\udcb0 Sicherheit und Komfort: Seien Sie sich Ihrer Sicherheit und Privatsph\u00e4re sicher, denn unsere App sorgt f\u00fcr ein sorgenfreies Spielerlebnis.<\/span><\/li>\n<li style=\"font-weight: 400;\" aria-level=\"1\"><span style=\"font-weight: 400;\">\ud83d\udcc8 Verfolgen Sie Fortschritte und Gewinne: Behalten Sie Ihre Fortschritte im Auge und \u00fcberwachen Sie Ihre Gewinne in Echtzeit, um sicherzustellen, dass Sie immer einen Schritt voraus sind.<\/span><\/li>\n<li style=\"font-weight: 400;\" aria-level=\"1\"><span style=\"font-weight: 400;\">\ud83d\udd25 Exklusive Angebote: Erhalten Sie Zugang zu exklusiven Aktionen und Promo-Codes, die ausschlie\u00dflich \u00fcber unsere App verf\u00fcgbar sind, und erh\u00f6hen Sie so Ihre Gewinnchancen.<\/span><\/li>\n<\/ul>\n<p><span style=\"font-weight: 400;\">Nutzen Sie die Gelegenheit und begeben Sie sich auf eine unvergessliche Gaming-Reise und kassieren Sie satte Gewinne direkt von Ihrem Mobilger\u00e4t aus! Warten Sie nicht l\u00e4nger \u2013 laden Sie PariPesa herunter <\/span><b>Online-Wetten-Sport-App<\/b><span style=\"font-weight: 400;\"> Werden Sie noch heute Teil unserer dynamischen Gaming-Community! \ud83d\ude80<\/span><\/p>\n<\/div><\/div><div class=\"w-separator size_custom\" style=\"height:30px\"><\/div><div class=\"w-btn-wrapper align_center\"><a class=\"w-btn us-btn-style_1\" href=\"https:\/\/combodef.com\/L?tag=d_4824699m_147506c_&amp;site=4824699&amp;ad=147506\"><span class=\"w-btn-label\">JETZT BEITRETEN<\/span><\/a><\/div><div class=\"w-separator size_custom\" style=\"height:30px\"><\/div><h2 class=\"w-text us_custom_d01ea1f6 has_text_color\"><span url class=\"w-text-h\"><span class=\"w-text-value\">Die h\u00e4ufigsten Fragen<\/span><\/span><\/h2><div class=\"w-separator size_custom\" style=\"height:30px\"><\/div><div class=\"w-tabs us_custom_3fbb5980 has_text_color style_default switch_click accordion has_scrolling\" style=\"--sections-title-size:22px\"><div class=\"w-tabs-sections titles-align_none icon_chevron cpos_right\"><div class=\"w-tabs-section\" id=\"v100\"><button class=\"w-tabs-section-header\" aria-controls=\"content-v100\" aria-expanded=\"false\"><div class=\"w-tabs-section-title\">Kann ich mit meinem Handy Echtgeldwetten platzieren?<\/div><div class=\"w-tabs-section-control\"><\/div><\/button><div  class=\"w-tabs-section-content\" id=\"content-v100\"><div class=\"w-tabs-section-content-h i-cf\"><div class=\"wpb_text_column us_custom_dcb976c1 has_text_color\"><div class=\"wpb_wrapper\"><p>Ja, Sie k\u00f6nnen alle Einzahlungsmethoden nutzen und Echtgeldwetten platzieren.<\/p>\n<\/div><\/div><\/div><\/div><\/div><div class=\"w-tabs-section\" id=\"n1e6\"><button class=\"w-tabs-section-header\" aria-controls=\"content-n1e6\" aria-expanded=\"false\"><div class=\"w-tabs-section-title\">KANN ICH EINEN WILLKOMMENSBONUS IN DER PariPesa-ANWENDUNG ERHALTEN?<\/div><div class=\"w-tabs-section-control\"><\/div><\/button><div  class=\"w-tabs-section-content\" id=\"content-n1e6\"><div class=\"w-tabs-section-content-h i-cf\"><div class=\"wpb_text_column us_custom_dcb976c1 has_text_color\"><div class=\"wpb_wrapper\"><p>Ja, jeder, der sich mit seinem Mobilger\u00e4t anmeldet, kann nach einer Einzahlung einen Willkommensbonus erhalten.<\/p>\n<\/div><\/div><\/div><\/div><\/div><div class=\"w-tabs-section\" id=\"t2c6\"><button class=\"w-tabs-section-header\" aria-controls=\"content-t2c6\" aria-expanded=\"false\"><div class=\"w-tabs-section-title\">KANN ICH MEINE GEWINNE MIT DER MOBILEN BOOKMAKER-APP AUSZIEHEN?<\/div><div class=\"w-tabs-section-control\"><\/div><\/button><div  class=\"w-tabs-section-content\" id=\"content-t2c6\"><div class=\"w-tabs-section-content-h i-cf\"><div class=\"wpb_text_column us_custom_dcb976c1 has_text_color\"><div class=\"wpb_wrapper\"><p>Ja, Sie k\u00f6nnen zwischen vielen Auszahlungsmethoden w\u00e4hlen, um Ihre Gewinne zu erhalten.<\/p>\n<\/div><\/div><\/div><\/div><\/div><div class=\"w-tabs-section\" id=\"v395\"><button class=\"w-tabs-section-header\" aria-controls=\"content-v395\" aria-expanded=\"false\"><div class=\"w-tabs-section-title\">KANN ICH EINE APP AUF MEIN SMARTPHONE HERUNTERLADEN?<\/div><div class=\"w-tabs-section-control\"><\/div><\/button><div  class=\"w-tabs-section-content\" id=\"content-v395\"><div class=\"w-tabs-section-content-h i-cf\"><div class=\"wpb_text_column us_custom_dcb976c1 has_text_color\"><div class=\"wpb_wrapper\"><p>Ja, Sie k\u00f6nnen es im Apple Store, bei Google Play oder auf der PariPesa-Website herunterladen.<\/p>\n<\/div><\/div><\/div><\/div><\/div><\/div><\/div><div class=\"w-separator size_custom\" style=\"height:30px\"><\/div><\/div><\/div><\/div><\/div><\/section>\n","protected":false},"excerpt":{"rendered":"HomePages\ud83d\udcf1 Betreten Sie das Reich der neuen mobilen Sportwetten-App PariPesa! \ud83c\udf89 Dank unserer intuitiven und hochmodernen Anwendung k\u00f6nnen Sie jetzt Ihre Lieblings-Casinospiele von Paripesa direkt auf Ihrem Smartphone oder Tablet genie\u00dfen, egal wo Sie sich befinden! Entdecken Sie die Vorteile der PariPesa-App f\u00fcr \u00d6sterreich: \ud83c\udfb0 Vielf\u00e4ltige Auswahl an Spielen: Treffen Sie Ihre Wahl Gl\u00fccksspiel-Wett-App eine...","protected":false},"author":1,"featured_media":2752,"parent":0,"menu_order":0,"comment_status":"closed","ping_status":"closed","template":"","meta":{"footnotes":""},"class_list":["post-1821","page","type-page","status-publish","has-post-thumbnail","hentry"],"_links":{"self":[{"href":"https:\/\/paripesa.partners\/aus\/wp-json\/wp\/v2\/pages\/1821","targetHints":{"allow":["GET"]}}],"collection":[{"href":"https:\/\/paripesa.partners\/aus\/wp-json\/wp\/v2\/pages"}],"about":[{"href":"https:\/\/paripesa.partners\/aus\/wp-json\/wp\/v2\/types\/page"}],"author":[{"embeddable":true,"href":"https:\/\/paripesa.partners\/aus\/wp-json\/wp\/v2\/users\/1"}],"replies":[{"embeddable":true,"href":"https:\/\/paripesa.partners\/aus\/wp-json\/wp\/v2\/comments?post=1821"}],"version-history":[{"count":2,"href":"https:\/\/paripesa.partners\/aus\/wp-json\/wp\/v2\/pages\/1821\/revisions"}],"predecessor-version":[{"id":3527,"href":"https:\/\/paripesa.partners\/aus\/wp-json\/wp\/v2\/pages\/1821\/revisions\/3527"}],"wp:featuredmedia":[{"embeddable":true,"href":"https:\/\/paripesa.partners\/aus\/wp-json\/wp\/v2\/media\/2752"}],"wp:attachment":[{"href":"https:\/\/paripesa.partners\/aus\/wp-json\/wp\/v2\/media?parent=1821"}],"curies":[{"name":"wp","href":"https:\/\/api.w.org\/{rel}","templated":true}]}}